Let l = o + -10. Let v(f) = f**3 - 5*f**2 - 6*f + 5. Let s be v(l). Let k(j) = j**2 - 6*j + 1. Determine k(s).
-4
Let a(w) be the second derivative of -4*w**3/3 + w**2/2 + 70*w. Calculate a(-1).
9
Let s be (0 + 1)*(1 - 0). Let i(y) = 69*y - 16. Let p(o) = 47*o - 11. Let h(c) = 9*i(c) - 13*p(c). Calculate h(s).
9
Let t = 16/195 + -1/65. Let w(s) be the third derivative of 0 - 1/120*s**6 + 5*s**2 - 2/3*s**3 + t*s**5 + 0*s + 5/24*s**4. What is w(5)?
-4
Let i(x) be the third derivative of x**4/24 - 2*x**3/3 - 40*x**2. Determine i(6).
2
Let f be (21*4/98)/((-4)/(-14)). Suppose -4*s + 6*s - 6 = -3*a, -s + 12 = -3*a. Let x(i) = -3*i**3 - 4 + f*i**3 - i**3 + s*i**2. Determine x(6).
-4
Suppose p = o - 4*p, 3*o + 3*p + 18 = 0. Let u(x) = 4*x**2 - 8*x + 8. Let c(a) = 3*a**2 - 7*a + 7. Let w(y) = o*c(y) + 4*u(y). What is w(2)?
7
Let p(u) = 5*u + 0 - 3*u - 2*u**2 + 1. Let r(m) = -3*m - 41. Let d be r(-14). Let y(f) = f**2 - 2*f. Let t be y(d). Give p(t).
-3
Suppose -6*t - 15 = -4*t - 5*c, -t - 35 = 3*c. Let k be (t/50)/(2/(-10)). Let y(w) = 3*w - k*w + 7 + w**3 + 1. Give y(0).
8
Let i(q) = -16*q + 3. Let u(s) = 7*s - 1. Let c(a) = 6*i(a) + 14*u(a). Calculate c(3).
10
Let c(j) be the third derivative of -j**6/120 - j**5/10 - j**4/6 - 2*j**3/3 - 2*j**2. Suppose -5*g - 120 = 2*k, 2*k - 25 = 7*k. Let a = -27 - g. Determine c(a).
-9
Let b be (-1)/(5/5) + 1. Let v(w) be the third derivative of -w**4/24 + w**3/6 - 6*w**2. What is v(b)?
1
Let t(p) = 3*p**2 + 2*p**2 - 2*p - 4*p**2 - 2. Let m(k) = k - 1. Let w be m(-3). Let a(s) = s + 7. Let z be a(w). Calculate t(z).
1
Suppose -2*d + 1 = -d. Let g(n) = -4*n**2 - 15*n. Let h(i) = -104 - 7*i + 104 - 2*i**2. Let c(p) = 6*g(p) - 13*h(p). Determine c(d).
3
Let g(w) = 26*w - 25*w + 6 - 12. Determine g(3).
-3
Let v(t) = t**2 - t - 4. Suppose n = 2*d + 17, 0 = 3*n - 4*d + d - 63. Let s be 1 - (-12)/(-20) - (-65)/n. What is v(s)?
2
Let r(j) = 16*j**2 - 14*j**2 - 2054*j + 6 + 2052*j. Give r(0).
6
Suppose d = 2*a + 2*d - 6, 0 = 5*a - 2*d - 15. Let v(z) = 2*z**2 - 23*z - 2. Let m(l) = -5*l**2 + 52*l + 5. Let q(w) = -4*m(w) - 9*v(w). What is q(a)?
13
Let r(j) = 19 + 24 - 56 - 7*j + 33. Calculate r(4).
-8
Let t(d) = 13*d - 55*d**2 + 18*d**2 + 18*d**2 + 3 + 18*d**2. Give t(13).
3
Let c be ((-3824)/14)/4 - (-6)/21. Let a be (-2)/(3 - c/(-20)). Let f(m) = -m - 6. Calculate f(a).
-11
Let h be 4/(12/9) + -11. Let q = 4 + h. Let y(z) = 3 + z - 3 + 6. Give y(q).
2
Let i = 73 + -72. Let m(k) = -4*k + 11*k**2 - i + 5*k + 0*k. Calculate m(1).
11
Let p(z) be the first derivative of 0*z**4 + 7 - 5/3*z**3 + 0*z**2 - 1/24*z**5 + 0*z. Let x(q) be the third derivative of p(q). Calculate x(1).
-5
Let k(c) = -c**2 + 2*c - 35. Let w be k(0). Let h be (-84)/w - (-2)/(-5). Let f(x) = 7*x + x + 1 + 1 + 0 - x**h. Give f(7).
9
Let r = 55 + -52. Let d(g) be the second derivative of 1/2*g**2 + 2*g + 0 + 1/6*g**r. Give d(3).
4
Let n be -7 + ((-48)/(-240) - 68/(-10)). Let z(f) = -2*f + 5. Let j(x) = -x - 1. Let y(m) = j(m) - z(m). Determine y(n).
-6
Let g(r) = r + 6. Let b = 4 - 1. Let i be g(b). Suppose -7*p = -4*p - i. Let h(t) = -t**2 + 2*t - 3. What is h(p)?
-6
Let t(k) = -k**3 + 22*k**2 + 11*k**2 + 2 - 58*k**2 - 6*k + 17*k**2. Suppose 0*j - 18 = 2*j - 2*m, 8 = 4*m. Determine t(j).
-5
Let u(p) = p**2 + 2*p + 3. Let h(s) = -6*s - 2. Let v be h(2). Let r = v - -12. Determine u(r).
3
Suppose 2*s = -2 + 4. Let a(l) = -l**2 - l - 1. Let f(p) = p**3 - 4*p**2 - p - 4. Let o(q) = 3*a(q) - f(q). Give o(s).
-1
Let k(j) = -j + 494 + 4*j - 497. Give k(3).
6
Let t(b) = -b**2 - 19*b - 53. Let u be t(-16). Let i(k) = 2*k**2 - k + 1. Let v be i(1). Let o(c) = -2 + 4*c - 3*c + 4*c + c**v. What is o(u)?
-2
Let q = 1205 - 1200. Let o(j) = -j + 10. What is o(q)?
5
Let t(r) = -r**3 + 4*r**2 - r + 5. Let u(v) = -v**3 - 5*v**2 + 2*v - 3. Let k be u(-7). Let w be 9/(k/6)*6. Calculate t(w).
1
Let y(k) = -k**3 + 10*k**2 - 3*k - 2. Let d(z) = z**2 + z - 1. Let j(b) = -2*d(b) + y(b). Calculate j(7).
14
Let f(l) = l**2 - 7*l + 2. Let a be 2 - (-11 + 2 - (2 - 7)). Give f(a).
-4
Let d(w) = -w**2 - 4*w - 1. Let c(j) be the second derivative of j**4/12 - 2*j**3/3 + j**2/2 - 4*j. Let l be c(3). What is d(l)?
3
Let d(g) = -2*g - 7. Let l be d(18). Let o = -41 - l. Let x(i) = 3*i - 3. Give x(o).
3
Let d be (0 - 21/6)*2. Suppose 4*y + j - 10 = 0, -2 = 4*y + 2*j - 7*j. Let s(x) = -85*x**y - 4 - 8*x + 44*x**2 + x + 40*x**2. Calculate s(d).
-4
Let s(u) = u**2 + 4. Let k be s(0). Let z = 16 + -13. Let m(b) = 6*b**2 + 6 - 7*b - b**2 + b**3 - 2*b**z. Calculate m(k).
-6
Let q(f) = -2*f**2 - 2*f - 3. Suppose -1 = -3*l - 16, -1 = 3*m - l. Calculate q(m).
-7
Let q(j) be the first derivative of j**3/3 + 5*j**2/2 + 7*j - 27. Give q(-4).
3
Let g(l) = l**2 + 4*l - 8. Suppose 0 = 5*s - q + 2*q, -q = 2*s - 3. Let o be s/(-4)*6*-4. Determine g(o).
4
Let h(u) = -u**2 - 3*u + 7. Let z be h(-4). Let y be z - (2 + 2 - 3). Let w(l) = 1 + 24*l**y + 2*l - 23*l**2 - 11 - 10*l. Calculate w(9).
-1
Let f(n) be the first derivative of n**5/60 + 7*n**4/24 - n**3/3 + 7*n**2 - 20. Let q(u) be the second derivative of f(u). Give q(-6).
-8
Let l(a) = -a**3 + 2*a**2 + 2*a - 2. Let g be ((-27)/6 - -3)/(2/(-4)). What is l(g)?
-5
Let y(s) be the second derivative of s**4/12 - 5*s**3/3 - 7*s**2/2 + 32*s - 1. Give y(10).
-7
Let a(o) = o - 2. Let s = 4 - 2. Let l(u) = -u**3 + 4 + 11*u**2 + 5 - 6*u**s + 5*u. Let v be l(6). Determine a(v).
1
Suppose -3*j - 2*j + 35 = 0. Let f be j*-4*9/42. Let p(a) be the first derivative of a**3/3 + 4*a**2 + 8*a + 10. Calculate p(f).
-4
Let g(p) be the third derivative of 0 + 1/6*p**3 - 1/8*p**4 + 12*p**2 + 0*p. Give g(-2).
7
Let r(q) = q + 4. Let k be 24 - 3*(-1 + 3 + -3). Let m = k - 33. What is r(m)?
-2
Let m(a) = a**3 + 6*a**2 + 5*a + 5. Let k be m(-5). Let z(w) be the third derivative of -w**5/60 + w**4/12 + 21*w**2. Calculate z(k).
-15
Let v(d) be the first derivative of -d - 1 + d**2 + 10 - 2*d. What is v(-3)?
-9
Let w(k) be the second derivative of k**7/2520 + k**6/144 - 5*k**4 - 7*k + 1. Let a(m) be the third derivative of w(m). Suppose -3*l + l = 12. What is a(l)?
6
Suppose 26*u + 50 = -132. Let h(b) = -b**2 - 9*b + 2. What is h(u)?
16
Suppose -82*x + 72*x - 130 = 0. Let f(q) = 1. Let k(l) = -l**3 - 13*l**2 + l + 7. Let w(t) = 4*f(t) + k(t). Determine w(x).
-2
Let g = -53 + 62. Let h(r) = r**2 - 9*r + 5. Let m be h(g). Let n(s) = -6*s + 6. Calculate n(m).
-24
Suppose -4*d + 9 + 3 = 0. Let h(a) = 13*a - 32. Calculate h(d).
7
Let j = 482 + -481. Let n = -4 - -7. Let s(i) = -n*i + 2*i - 7*i - 1. What is s(j)?
-9
Let w be (24/2)/(18/24). Let s be (-8)/12 + w/6. Let a(d) = s + 1 - 2*d - 4. Calculate a(4).
-9
Let l(s) = -7*s**3 - 15*s**2 + 22*s + 3. Let t(j) = 6*j**3 + 14*j**2 - 20*j - 1. Let c(z) = 5*l(z) + 6*t(z). Determine c(-10).
9
Let x(g) be the first derivative of g**4/4 - 2*g**3 - 3*g**2 + 6*g - 35. Calculate x(7).
13
Let k be 6/(-9)*(-36)/24. Let q(b) = -19*b**2 + 1. Determine q(k).
-18
Let w(i) = 7*i**2 + 5*i - 2*i**2 - 3 - 4*i**2. Let c be w(3). Suppose 2*r + 3 = 5*a + c, -3*r + 16 = -2*a. Let t(l) = l**3 - 5*l**2 + 2*l + 1. Determine t(r).
-7
Let c(z) = 2*z**3 - 43*z**2 + 19*z + 44. Let o be c(21). Let a(f) = f + f**2 + 3 - 3*f + 0*f**2. Give a(o).
3
Let m(i) be the third derivative of i**6/120 - 3*i**5/10 + 17*i**4/24 + 13*i**3/6 - 13*i**2 - 22*i. Determine m(17).
13
Let l(n) = -2*n + 6. Let u(z) = z - 3. Let p = 34 - 22. Let m be u(p). Let q = -5 + m. Determine l(q).
-2
Let u(j) be the third derivative of j**6/120 + 7*j**5/60 - j**4/24 - 7*j**3/6 + 24*j**2. Suppose 2*k + 7 + 13 = -2*c, -3*k - 5*c = 36. What is u(k)?
0
Let x(b) be the third derivative of b**6/120 + b**5/12 + b**4/8 + b**3/3 - 15*b**2. Let m be x(-4). Let f(j) = j**2 - 7*j - 4. Determine f(m).
-10
Let v(c) be the second derivative of c**5/20 - c**4/6 - c**3/3 + c**2 + c. Suppose -16 + 2 = -7*l. Give v(l).
-2
Let a(t) = 0*t**2 - t + 0*t**2 + 0*t**2 - t**2. Let k(n) = -n - 1. Let p be k(1). What is a(p)?
-2
Let z(p) = 3*p**2 - 26*p - 15. Let w = 4 - -5. Let s(o) = o**2 + 1 - w*o + 2 + 11 - 19. Let n(k) = 11*s(k) - 4*z(k). Give n(5).
5
Let u = 35 + -29. Let b(n) = -n**3 + n - 1. Let r(v) = -4*v**3 + 5*v**2 + 10*v. Let f(o) = 3*b(o) - r(o). Determine f(u).
-9
Suppose 2*f + 4 = 6. Let r(x) = 4 + x + x - f + 4. Cal